{"id":40,"date":"2019-03-17T00:25:28","date_gmt":"2019-03-17T03:25:28","guid":{"rendered":"http:\/\/192.168.33.10\/wp-elite_tiro\/?page_id=40"},"modified":"2019-04-20T17:25:01","modified_gmt":"2019-04-20T20:25:01","slug":"institucional","status":"publish","type":"page","link":"https:\/\/eliteclubedetiro.net.br\/?page_id=40","title":{"rendered":"Institucional"},"content":{"rendered":"\r\n<h2 class=\"wp-block-heading\">Origem do nome<\/h2>\r\n\r\n\r\n\r\n<p>Lastreando-se em uma concep\u00e7\u00e3o de presta\u00e7\u00e3o de servi\u00e7os de alta qualidade e m\u00e1xima seguran\u00e7a aos nossos clientes, surgiu o nome \u201cElite\u201d: por essa raz\u00e3o j\u00e1 nascemos como um clube verdadeiramente de ELITE. Bem-vindo ao Elite Clube de Tiro!<\/p>\r\n\r\n\r\n<hr class=\"wp-block-separator\" \/>\r\n\r\n\r\n<h2 class=\"wp-block-heading\">Funda\u00e7\u00e3o e hist\u00f3rico<\/h2>\r\n\r\n\r\n\r\n<p>O Elite Clube de Tiro foi fundado no dia 27 de julho de 2015, com o objetivo de oportunizar a pr\u00e1tica segura do tiro esportivo. Surgiu como uma nova op\u00e7\u00e3o \u00e0queles que praticam ou desejam conhecer o esporte do tiro.<\/p>\r\n\r\n\r\n\r\n<p>Elite Clube de Tiro esta sediado em local estrat\u00e9gico na Cidade de Caruaru-PE, em um bairro de f\u00e1cil acesso, pr\u00f3ximo ao centro da cidade. Nossas instala\u00e7\u00f5es permitem a pr\u00e1tica de diversas modalidades de tiro com armas de fogo (esportivo, pr\u00e1tico, t\u00e1tico e defensivo). Nossa infraestrutura \u00e9 completa e totalmente segura para estas pr\u00e1ticas, garantindo aos nossos associados plena satisfa\u00e7\u00e3o na oferta de nossos produtos e servi\u00e7os.<\/p>\r\n\r\n\r\n\r\n<p>Contamos com a assessoria de profissionais altamente capacitados no atendimento ao p\u00fablico, al\u00e9m de instrutores credenciados, voltados \u00e0 forma\u00e7\u00e3o especializada atrav\u00e9s de cursos, aulas particulares e demais atividades letivas ligadas ao tiro.<\/p>\r\n\r\n\r\n<hr class=\"wp-block-separator\" \/>\r\n\r\n\r\n<h2 class=\"wp-block-heading\">Miss\u00e3o, Vis\u00e3o e Valores<\/h2>\r\n\r\n\r\n\r\n<blockquote class=\"wp-block-quote is-layout-flow wp-block-quote-is-layout-flow\">\r\n<p><strong>MISS\u00c3O<\/strong><\/p>\r\n<cite>Oferecer aos nossos associados n\u00e3o s\u00f3 produtos e servi\u00e7os de qualidade ligados ao tiro, mas tamb\u00e9m divulgar essa pr\u00e1tica como modalidade esportiva segura, completa e antiestresse.<\/cite><\/blockquote>\r\n\r\n\r\n\r\n<blockquote class=\"wp-block-quote is-layout-flow wp-block-quote-is-layout-flow\">\r\n<p><strong>VIS\u00c3O<\/strong><\/p>\r\n<cite>Ser refer\u00eancia entre os melhores clubes e academias de tiro do Brasil, sempre com foco na moral, \u00e9tica, respeito, conforto e seguran\u00e7a.<br \/><\/cite><\/blockquote>\r\n\r\n\r\n\r\n<blockquote class=\"wp-block-quote is-layout-flow wp-block-quote-is-layout-flow\">\r\n<p><strong>VALORES<\/strong><\/p>\r\n<cite>Moral, \u00e9tica, integridade, respeito \u00e0s pessoas e ao meio ambiente.<\/cite><\/blockquote>\r\n\r\n\r\n<hr class=\"wp-block-separator\" \/>\r\n\r\n\r\n<h2 class=\"wp-block-heading\">Regimento Interno<\/h2>\r\n\r\n\r\n\r\n<p>Para ingressar \u00e0s depend\u00eancias do Elite Clube de Tiro, \u00e9 necess\u00e1rio que se cumpram os itens dispostos no nosso regimento interno. \u00c9 OBRIGAT\u00d3RIO:<br \/>a) Apresentar documento de RG e CPF;<br \/>b) Apresentar certid\u00e3o negativa de antecedentes criminais;<br \/>c) Ler e assinar o Termo de Responsabilidade (v\u00e1lido para o exerc\u00edcio do ano) e ficha cadastral;<br \/>d) Usar o material de seguran\u00e7a (EPI) fornecido pelo clube;<br \/>e) Ser maior de idade (18 anos completos).<br \/>\u00c9 PROIBIDO:<br \/>a) Ingressar com armas pr\u00f3prias sem declarar no ato do cadastro;<br \/>b) Menores de idade desacompanhados dos pais ou respons\u00e1veis;<br \/>c) Filmar ou fotografar no interior do stand sem autoriza\u00e7\u00e3o pr\u00e9via;<br \/>d) Comer ou beber dentro do stand;<br \/>e) Fumar nas depend\u00eancias do clube;<br \/>f) Mais de um atirador utilizando o mesmo box de tiro.<br \/>AOS PORTADORES DE ARMAS \u00c9 OBRIGAT\u00d3RIO APRESENTAR:<br \/>CIVIS<br \/>a) Registro da arma (dentro da validade)<br \/>AGENTES DE SEGURAN\u00c7A P\u00daBLICA (OFICIAIS \/ POLICIAIS \/ FOR\u00c7AS ARMADAS \/ CORPO DE BOMBEIROS)<br \/>a) Arma brasonada;<br \/>b) Carteira funcional;<\/p>\r\n\r\n\r\n<hr class=\"wp-block-separator\" \/>\r\n\r\n\r\n<h2 class=\"wp-block-heading\">Instrutores<\/h2>\r\n\r\n\r\n\r\n<p>O Elite Clube de Tiro, al\u00e9m de refer\u00eancia como um dos melhores locais para a pr\u00e1tica de tiro no Brasil, orgulha-se em contribuir para a forma\u00e7\u00e3o de novos atiradores. Para isso, contamos com a assessoria especializada de instrutores credenciados, que ministram cursos e demais atividades did\u00e1ticas.<\/p>\r\n","protected":false},"excerpt":{"rendered":"<p>Origem do nome Lastreando-se em uma concep\u00e7\u00e3o de presta\u00e7\u00e3o de servi\u00e7os de alta qualidade e m\u00e1xima seguran\u00e7a aos nossos clientes, surgiu o nome \u201cElite\u201d: por essa raz\u00e3o j\u00e1 nascemos como um clube verdadeiramente de ELITE. Bem-vindo ao Elite Clube de Tiro! Funda\u00e7\u00e3o e hist\u00f3rico O Elite Clube de Tiro foi fundado no dia 27 de [&hellip;]<\/p>\n","protected":false},"author":1,"featured_media":0,"parent":0,"menu_order":0,"comment_status":"closed","ping_status":"closed","template":"","meta":{"footnotes":""},"class_list":["post-40","page","type-page","status-publish","hentry"],"_links":{"self":[{"href":"https:\/\/eliteclubedetiro.net.br\/index.php?rest_route=\/wp\/v2\/pages\/40","targetHints":{"allow":["GET"]}}],"collection":[{"href":"https:\/\/eliteclubedetiro.net.br\/index.php?rest_route=\/wp\/v2\/pages"}],"about":[{"href":"https:\/\/eliteclubedetiro.net.br\/index.php?rest_route=\/wp\/v2\/types\/page"}],"author":[{"embeddable":true,"href":"https:\/\/eliteclubedetiro.net.br\/index.php?rest_route=\/wp\/v2\/users\/1"}],"replies":[{"embeddable":true,"href":"https:\/\/eliteclubedetiro.net.br\/index.php?rest_route=%2Fwp%2Fv2%2Fcomments&post=40"}],"version-history":[{"count":0,"href":"https:\/\/eliteclubedetiro.net.br\/index.php?rest_route=\/wp\/v2\/pages\/40\/revisions"}],"wp:attachment":[{"href":"https:\/\/eliteclubedetiro.net.br\/index.php?rest_route=%2Fwp%2Fv2%2Fmedia&parent=40"}],"curies":[{"name":"wp","href":"https:\/\/api.w.org\/{rel}","templated":true}]}}