{"id":45,"date":"2019-03-17T00:41:18","date_gmt":"2019-03-17T03:41:18","guid":{"rendered":"http:\/\/192.168.33.10\/wp-elite_tiro\/?page_id=45"},"modified":"2019-03-17T12:08:39","modified_gmt":"2019-03-17T15:08:39","slug":"infraestrutura","status":"publish","type":"page","link":"https:\/\/eliteclubedetiro.net.br\/?page_id=45","title":{"rendered":"Infraestrutura"},"content":{"rendered":"\n<p>\u00c9 com imenso prazer que convidamos voc\u00ea a conhecer um pouco mais a nossa infraestrutura. O Elite Clube de Tiro \u00e9 considerado o maior clube de tiro indoor (\u00e1rea fechada) do Norte\/Nordeste, e um dos maiores do pa\u00eds.<br>Desde o momento da chegada, nossos associados j\u00e1 contam com muita comodidade. Dispomos de estacionamento exclusivo, com capacidade para 20 ve\u00edculos. Todas as nossas depend\u00eancias, internas e externas, s\u00e3o monitoradas por sistema de c\u00e2meras de seguran\u00e7a 24 horas, interligadas diretamente com uma central de monitoramento. Algumas de nossas \u00e1reas s\u00e3o climatizadas (inclusive o stand de tiro), garantindo comodidade aos nossos frequentadores nos dias de calor ou frio intenso. Nossos profissionais de atendimento est\u00e3o \u00e0 disposi\u00e7\u00e3o para atend\u00ea-lo e tirar todas as suas d\u00favidas sobre nosso funcionamento. Tudo para que seu momento de lazer seja inesquec\u00edvel.<\/p>\n\n\n\n<hr class=\"wp-block-separator\"\/>\n\n\n\n<h2 class=\"wp-block-heading\">Materiais de seguran\u00e7a higiene e individuais<\/h2>\n\n\n\n<p>Pensando sempre no compromisso de garantir o bem-estar de nossos associados, disponibilizamos a todos, material de prote\u00e7\u00e3o individual para a pr\u00e1tica segura do tiro \u2013 \u00f3culos especiais e protetor auriculares \u2013 que s\u00e3o higienicamente desinfetados um a um, antes de cada uso.<\/p>\n\n\n\n<hr class=\"wp-block-separator\"\/>\n\n\n\n<h2 class=\"wp-block-heading\">Conforto e comodidade<\/h2>\n\n\n\n<p>Nossas instala\u00e7\u00f5es est\u00e3o prontas e equipadas para melhor atende-los. Dispomos de toaletes feminino e masculino, sala de aula, sala de espera e estacionamento.<\/p>\n\n\n\n<hr class=\"wp-block-separator\"\/>\n\n\n\n<h2 class=\"wp-block-heading\">Sala de espera e \u00e1rea de conveni\u00eancia<\/h2>\n\n\n\n<p>Dispomos de confort\u00e1vel sala de espera e de conv\u00edvio, assim os acompanhantes de nossos associados que n\u00e3o desejam atirar, podem assistir a pr\u00e1tica do tiro, via sistema de c\u00e2meras, sem precisar adentrar no stand, ter acesso a revistas sobre a pr\u00e1tica de tiro e mesa de sinuca.&nbsp;<\/p>\n\n\n\n<hr class=\"wp-block-separator\"\/>\n\n\n\n<h2 class=\"wp-block-heading\">Seguran\u00e7a em primeiro lugar<\/h2>\n\n\n\n<p>Todos os associados contam com a assessoria permanente de monitores e instrutores de tiro, profissionais capacitados que acompanham e orientam os atiradores para uma pr\u00e1tica segura das modalidades de tiro oferecidas pelo clube.&nbsp;<\/p>\n\n\n\n<hr class=\"wp-block-separator\"\/>\n\n\n\n<p>O Elite Clube de Tiro foi fundado no intuito de ser um local para a pr\u00e1tica do tiro esportivo frequentado por cidad\u00e3os de bem. Exigimos uma s\u00e9rie de documentos que comprovem a idoneidade dos nossos frequentadores, inclusive certid\u00e3o negativa de antecedentes criminais.&nbsp;<br><\/p>\n\n\n\n<hr class=\"wp-block-separator\"\/>\n\n\n\n<h2 class=\"wp-block-heading\">Estamos aptos a atender em nosso estande de tiro 18 atiradores simultaneamente, com total conforto e seguran\u00e7a<br><\/h2>\n\n\n\n<p>Nosso stand disp\u00f5e de sistema de exaust\u00e3o, insulflamento e climatiza\u00e7\u00e3o, o que garante a renova\u00e7\u00e3o do ar no espa\u00e7o a cada 5 (cinco) minutos, prote\u00e7\u00e3o ac\u00fastica com espumas anti-chamas de densidade 22, ilumina\u00e7\u00e3o especial, piso anti-derrapante, calefa\u00e7\u00e3o central, al\u00e9m de ser equipado com porta-alvo motorizado.&nbsp;<\/p>\n\n\n\n<hr class=\"wp-block-separator\"\/>\n\n\n\n<h2 class=\"wp-block-heading\">Manuten\u00e7\u00e3o e conserva\u00e7\u00e3o de materiais ao seu alcance<\/h2>\n\n\n\n<p>O Elite Clube de Tiro conta com uma \u00e1rea especial para limpeza de armas e equipamentos de tiro, que pode ser utilizada por associados ou com a contrata\u00e7\u00e3o de servi\u00e7o especializado de nossos monitores. A estrutura est\u00e1 abastecida com l\u00edquidos e produtos espec\u00edficos para a limpeza e conserva\u00e7\u00e3o de armas de fogo e seus acess\u00f3rios.&nbsp;<\/p>\n\n\n\n<hr class=\"wp-block-separator\"\/>\n\n\n\n<h2 class=\"wp-block-heading\">Forma\u00e7\u00e3o de novos atiradores, testes e avalia\u00e7\u00f5es legais<\/h2>\n\n\n\n<p>Possu\u00edmos sala exclusiva para a realiza\u00e7\u00e3o de cursos, treinamentos e palestras, equipada com material multim\u00eddia, climatizada com ar condicionado e com capacidade para atender at\u00e9 20 alunos sentados.<\/p>\n","protected":false},"excerpt":{"rendered":"<p>\u00c9 com imenso prazer que convidamos voc\u00ea a conhecer um pouco mais a nossa infraestrutura. O Elite Clube de Tiro \u00e9 considerado o maior clube de tiro indoor (\u00e1rea fechada) do Norte\/Nordeste, e um dos maiores do pa\u00eds.Desde o momento da chegada, nossos associados j\u00e1 contam com muita comodidade. Dispomos de estacionamento exclusivo, com capacidade [&hellip;]<\/p>\n","protected":false},"author":1,"featured_media":0,"parent":0,"menu_order":0,"comment_status":"closed","ping_status":"closed","template":"","meta":{"footnotes":""},"class_list":["post-45","page","type-page","status-publish","hentry"],"_links":{"self":[{"href":"https:\/\/eliteclubedetiro.net.br\/index.php?rest_route=\/wp\/v2\/pages\/45","targetHints":{"allow":["GET"]}}],"collection":[{"href":"https:\/\/eliteclubedetiro.net.br\/index.php?rest_route=\/wp\/v2\/pages"}],"about":[{"href":"https:\/\/eliteclubedetiro.net.br\/index.php?rest_route=\/wp\/v2\/types\/page"}],"author":[{"embeddable":true,"href":"https:\/\/eliteclubedetiro.net.br\/index.php?rest_route=\/wp\/v2\/users\/1"}],"replies":[{"embeddable":true,"href":"https:\/\/eliteclubedetiro.net.br\/index.php?rest_route=%2Fwp%2Fv2%2Fcomments&post=45"}],"version-history":[{"count":0,"href":"https:\/\/eliteclubedetiro.net.br\/index.php?rest_route=\/wp\/v2\/pages\/45\/revisions"}],"wp:attachment":[{"href":"https:\/\/eliteclubedetiro.net.br\/index.php?rest_route=%2Fwp%2Fv2%2Fmedia&parent=45"}],"curies":[{"name":"wp","href":"https:\/\/api.w.org\/{rel}","templated":true}]}}